m(p) = p + 28. List the prime factors of m(-13).
3, 5
Let d(h) = 9*h**3 - 3*h**2 + 5*h - 3. Let x(c) = -18*c**3 + 7*c**2 - 11*c + 7. Let g = 4 - 8. Let n(s) = g*x(s) - 9*d(s). List the prime factors of n(-1).
2
Suppose 33 = w - 14. Let c = w - 26. List the prime factors of 120/c - 2/(-7).
2, 3
Let v = -15 - -6. What are the prime factors of 9*(-2 - 48/v)?
2, 3, 5
Suppose 21 = 5*n - 459. List the prime factors of n.
2, 3
Let j(n) = -n**3 - 7*n**2 - 6*n + 8. Let f be j(-6). Let b = f + 4. Let l = b + -3. What are the prime factors of l?
3
List the prime factors of (-2 + 0 - -1)*-21.
3, 7
Let y(f) = -17*f - 2. Let o be y(2). Let b be 4/(-18) - 152/o. Suppose 0*a + 60 = 5*j - 5*a, -3*a + 34 = b*j. What are the prime factors of j?
2, 5
Suppose 0 = -3*c + 390 + 120. Suppose -n + 6*n - c = 0. What are the prime factors of n?
2, 17
Suppose -2*k = -0*k - q - 100, 5*k + q - 257 = 0. List the prime factors of k.
3, 17
Let d(q) = -q**3 - 7*q - 6*q**2 + 3*q + 13*q**2. What are the prime factors of d(6)?
2, 3
Let d(v) = 5*v**2 - 10*v + 2. Let g be d(5). List the prime factors of (-72)/(-14) + (-11)/g.
5
Let v be -5*(-1 - -2)/(-1). Suppose 5*k = -3*d + 21, -4*k + d + 15 = 4*d. Let t = v + k. What are the prime factors of t?
11
Let d be -10 + 7 - (0 - 9). List the prime factors of -2*(-2 - 15/d).
3
Let i be (-7 + -2)/(2 - 1). Let w(m) = -m - 9. Let x be w(i). Suppose x = 5*q + 5*l - 10, 0*q + 4*l + 24 = 4*q. List the prime factors of q.
2
Suppose -o = 4*s - 3*s - 30, o - 98 = -3*s. List the prime factors of s.
2, 17
Let p(r) = -r**3 - 10*r**2 + 11*r + 4. Let v be p(-11). Suppose -4*d = -2*g - v, d = -0*d + g. Suppose 0 = a - d*a + 2. What are the prime factors of a?
2
Suppose -4*i - 2 = -5*i. Suppose k + i*s = 26, k - s + 5 = 19. List the prime factors of k.
2, 3
Let v = -132 - -204. List the prime factors of (-158)/(-18) + 16/v.
3
Let d(l) be the first derivative of -l**2/2 + 3*l + 1. Let r(i) = i**3 + 6*i**2 + 7*i + 5. Let a be r(-5). List the prime factors of d(a).
2
Let c be 16/72 - (-79)/9. Suppose -c = -2*f + f. Let j = 18 - f. What are the prime factors of j?
3
Suppose -2*t + 130 = -8. What are the prime factors of t?
3, 23
Let q = 66 - -190. What are the prime factors of q?
2
List the prime factors of 8/12 + (-26)/(-6).
5
Let g = 5 + -4. Suppose -n + 0 = g. What are the prime factors of n*-5*(-2 + 3)?
5
Let v = 175 + -90. What are the prime factors of v?
5, 17
List the prime factors of 3/(0 - 1/(-35)).
3, 5, 7
Let i(q) = 14*q + 7. Let a be i(7). Suppose 2*c = -3*c + a. List the prime factors of c.
3, 7
Let d be -4*(-2)/24*-51. Let i be (0/(-1) - -2) + -29. Let h = d - i. List the prime factors of h.
2, 5
Let y be -5*(1 - (0 - -2)). Suppose -y = -3*p - 4*m, -4*m + 11 = p + 4*p. Suppose k = p*k - 20. What are the prime factors of k?
2, 5
Let n be 4/10 + 28/5. Let x be (-8)/(-6)*(-9)/(-2). List the prime factors of 4/n + 14/x.
3
Let g(l) = 0*l**2 - 5*l**2 + l + 3*l**2 + 0*l**3 - l**3. What are the prime factors of g(-3)?
2, 3
Let u = -33 - -64. What are the prime factors of u?
31
Suppose -6*k + 2007 = 3*k. List the prime factors of k.
223
Let t = 13 + -1. Let x(z) = 16 + 17*z - 18*z + 10. What are the prime factors of x(t)?
2, 7
Let n(u) = -4*u - u**2 + 4*u - u**3 + 6. Let f be 0*(-2 - (-3)/2). List the prime factors of n(f).
2, 3
Let o(r) = -r**3 + 7*r**2 - 5*r - 4. Let v be o(6). Suppose -v*a - 2*l = 3*a - 188, -4*a = l - 151. List the prime factors of a.
2, 19
Let u = 6 - -21. List the prime factors of u.
3
Suppose -5*x = -2*t + 48, -t + 2*x = t - 36. What are the prime factors of t?
2, 7
Suppose -4*d - 2*p = 2*p, d + 2*p + 5 = 0. Suppose 0*x = x + d*h - 5, 3 = -h. What are the prime factors of x?
2, 5
Let l(d) = -d**2 - 22*d - 15. What are the prime factors of l(-7)?
2, 3, 5
Let u = 32 - 22. List the prime factors of 6 + 5/(u/(-4)).
2
Let a = 6 + -3. Suppose 0 = -x + 4, -2*j - 5*x + 30 = a*j. List the prime factors of j.
2
Suppose 0 = -3*v - 3 + 12. Suppose 0 = -x + v*x. Suppose x*r + 5*r = -4*f + 47, 3*f = -3*r + 33. List the prime factors of f.
2
Suppose -4*x + 5*q - q = -12, 3*x + 4*q - 9 = 0. Suppose x*s = 6 + 3. What are the prime factors of 0*s/(-6) - -9?
3
Let z = -19 - -154. List the prime factors of z.
3, 5
Suppose 3*d = -12, 5*w - 23 = -4*d + 41. List the prime factors of w.
2
Let r = -3 - -49. List the prime factors of r.
2, 23
Let c(g) = 40*g**2. What are the prime factors of c(-1)?
2, 5
Suppose -2*o + 3*f = -280 + 50, -5*o - 3*f = -554. List the prime factors of o.
2, 7
Let n be (-18)/3*2/(-6). Let c be n - (-1 - 1) - 2. List the prime factors of (-100)/(-7) + c/(-7).
2, 7
Let n = 1 - -1. Suppose 156 = n*m + m. List the prime factors of m/6 - 5/(-15).
3
Let j be (4/(-3))/(6/(-9)). Let g(p) = -2*p**j + p**2 + 10 + 2*p + 0*p + 4*p. List the prime factors of g(7).
3
Suppose -7*k + 21 = -4*k. What are the prime factors of k?
7
Let i(g) = g + 23. Let y(m) = 5*m + 93. Let n(a) = 9*i(a) - 2*y(a). What are the prime factors of n(0)?
3, 7
Suppose -3*f + 11 = -3*r + r, 0 = -4*r - 4*f + 28. Suppose 16 = r*b + 6. Suppose b*j - 18 = 2*j. What are the prime factors of j?
2, 3
Suppose -3*r + 250 = 70. List the prime factors of r.
2, 3, 5
Let s be 4/(4/(-3))*-1. Suppose -s*j = -2*j + 4*l - 37, -5*j + 4*l + 137 = 0. Let a = j - 15. List the prime factors of a.
2, 7
Let h = 3 - -9. List the prime factors of h.
2, 3
Suppose 1 - 16 = 5*b. Let g be (-1)/(1/(b - 1)). Suppose 5*x + 2 = 5*f - 4*f, -g*f + 8 = -x. What are the prime factors of f?
2
Suppose v + 142 = 2*b, -5*v - 204 = -3*b + 9. What are the prime factors of b?
71
Let j = 39 - 39. Let s(n) = -n - 4. Let d(f) = 1. Let k(w) = 6*d(w) + s(w). What are the prime factors of k(j)?
2
List the prime factors of (-2)/4*(68*-5)/2.
5, 17
Suppose v + 3*g - 157 = 0, -3*v + 132 = -4*g - 404. Suppose v = 5*h - 113. Suppose 5*a = -2*r + 54, 4*r - 33 = -a + h. What are the prime factors of r?
2, 11
Suppose 4*y + 5*n = n + 44, 0 = -3*y - n + 37. Suppose 4*w = -w - 3*d, -w = -2*d - y. What are the prime factors of w?
3
Let q(u) = u**3 + 9*u**2 + 6. What are the prime factors of q(-8)?
2, 5, 7
What are the prime factors of 721/(-2)*(-8)/14?
2, 103
Let a(v) = v**2 + 5*v. Let y be a(-5). Suppose 2*z + y*x = 3*x + 67, -x = -4*z + 109. What are the prime factors of z?
2, 13
Suppose 4*f + 6 = k + 52, 4*k - 14 = -2*f. Let m = f - 4. List the prime factors of m.
7
Suppose -2*v = 5*i - 47, 4*v = 4*i - 26 - 34. Suppose -5*m - 5*n + i + 24 = 0, 2*m = -4*n + 6. List the prime factors of m.
11
Let l be 2 + (1 - 2) + 11. Suppose 3*z + l = 5*z. Suppose -5*i - z = -41. List the prime factors of i.
7
Let u = -40 + 73. List the prime factors of u.
3, 11
Let n = 2 + -11. Let p = n - -72. Suppose p + 5 = 4*c. List the prime factors of c.
17
What are the prime factors of 4/((-20)/15)*(-61)/3?
61
Suppose 3*s + 3 = -q, 3*q - 7*s = -2*s - 23. Let n(k) = -8*k - 13. List the prime factors of n(q).
5, 7
Let f(i) be the first derivative of -i**2 - 2*i - 2. Let q be f(-3). Suppose -5*v = r - 2*r - q, 4*r + 3*v - 30 = 0. What are the prime factors of r?
2, 3
Let k(t) = 6*t**2 - 2*t - 1. Suppose 3*h = -h - 4. What are the prime factors of k(h)?
7
Let b(c) = -c + 1. Let m be 2*(2 - (-9)/(-6)). Let w(v) = -4*v + 5. Let s(h) = m*w(h) - 2*b(h). List the prime factors of s(-6).
3, 5
Let o(k) = -35*k - 2. What are the prime factors of o(-1)?
3, 11
List the prime factors of 48/(2 + 3/(-6)).
2
Let u be 14/5 - 2/(-10). What are the prime factors of (-42 - 0)/(-3) - u?
11
Let j(g) = g - 5*g - 3*g - 11*g. List the prime factors of j(-1).
2, 3
Suppose 0 = 6*r - 390 - 750. What are the prime factors of r?
2, 5, 19
Let d = -8 - -7. List the prime factors of 1/(-2)*-34 + d.
2
Let k be 1 + (-2)/2 + 3. Suppose -k*o + 3*a - 10 = -49, -5*o - a = -59. What are the prime factors of o?
2, 3
Suppose 3*g + h = 498, 0*h = -2*g + 2*h + 340. What are the prime factors of g?
167
Let h be 0 + 0/2 + 2. Let p(u) = 3 + 0*u + u**2 - h*u + 8*u. What are the prime factors of p(-7)?
2, 5
Suppose -4*k = 78 - 342. Suppose 0 = -4*b - 2*n + k, 4*n + 4 = 8*n. Suppose 0 = r - 3*r + b. What are the prime factors of r?
2
Suppose 5*g + 0*g - 20 = 0. Suppose g*l = 5*l - 24. Suppose -l = -3*p + 24. What are the prime factors of p?
2
Let w(l) = 49*l**3 + 2*l**2 - 2*l + 1. List the prime fact